vided by i.
8
Let t(d) = 8 - 10*d + 8*d**2 - d**3 + 0*d + 0*d**2. Calculate the remainder when t(6) is divided by 11.
9
Let j(p) = -3*p + 10. Calculate the remainder when (-57)/(-6)*2/1 is divided by j(1).
5
Let m(r) = 2*r**2 - 14*r - 8. Let j be m(12). Suppose -5*x + j = -78. Calculate the remainder when x is divided by 13.
12
Let x(k) = k**2 - 3*k - 7. Let t be x(5). Suppose t*i - 2*y = 24, 5 + 4 = -3*y. What is the remainder when 22 is divided by i?
4
Let k = 10 - 1. What is the remainder when 4 - -31 - 0/4 is divided by k?
8
Let a = -18 - -20. Calculate the remainder when 19 is divided by 3*(3/(-9) + a).
4
Let n(w) = -6 - 11*w**3 + 2 + 12*w**3 + 5*w**2 + 3*w. Let c be n(-3). Suppose 0 = c*t - 23 - 37. What is the remainder when 21 is divided by t?
9
Suppose 3*q - 5*q - 2 = 0. Calculate the remainder when 65 is divided by (3/1 + -20)/q.
14
Suppose -108 = -9*l + 3*l. Calculate the remainder when l is divided by 6.
0
What is the remainder when 33 is divided by (3 + -33)*9/(-15)?
15
What is the remainder when 246/(-4)*(-24)/36 is divided by 2 + 13 + -1 + 0?
13
Suppose 5*q = -v + 4*v - 61, -2*q + 2 = v. What is the remainder when v is divided by 7?
5
Let n = 41 + -15. Calculate the remainder when 76 is divided by n.
24
Let h = -33 + 47. Calculate the remainder when h is divided by 6.
2
Let m = -15 - -18. Suppose b - 15 = -m*d + 6*b, -4*d = -2*b - 20. What is the remainder when 13 is divided by d?
3
Let h(m) = -4*m**2 - 3 + 3 + 2*m + m**3 - 4. Calculate the remainder when 9 is divided by h(4).
1
Suppose -14 = -4*y - 2. Let l be 50/y - 14/21. Let i = 36 - l. Calculate the remainder when 38 is divided by i.
18
Let m be ((-60)/(-9))/((-3)/(-9)). Suppose 2*j - 12 = m. Let l = -43 + 74. Calculate the remainder when l is divided by j.
15
Suppose -c + 14 = 3. Let n(j) = 6*j**2 + 4*j**2 - 7*j**2 + 2*j**2. Calculate the remainder when n(2) is divided by c.
9
Let z(a) = a**2 + 11*a - 7. Let s be z(-12). What is the remainder when (4 - s)*(-32)/2 is divided by 9?
7
Let f = -20 + 60. Suppose 3*m = r + f, 0*r + 2*r = 5*m - 68. Calculate the remainder when 35 is divided by m.
11
Let b = -10 - -5. Calculate the remainder when 57 is divided by 1/b - 152/(-10).
12
What is the remainder when (-27)/(-1)*(-1 + 2) is divided by 10?
7
Let d = 84 + -51. Calculate the remainder when d is divided by 12.
9
Suppose 1 + 2 = -f. Let a(k) = 6*k + 3. Let m be a(f). What is the remainder when 16 is divided by (-4)/10*m*1?
4
Suppose 0 = -3*o + 9*o - 96. Calculate the remainder when 28 is divided by o.
12
Suppose 5*h + 25 = 75. Let x(p) = -p**3 + 11*p**2 + 3*p - 6. Let g be x(6). Suppose -4*d = 76 - g. Calculate the remainder when d is divided by h.
9
Suppose -25 = 5*l, 3*z = 4*l - 5*l + 22. Calculate the remainder when 26 is divided by z.
8
Let w(t) = t - 6. Let f(c) = 1. Let u(i) = 6*f(i) + w(i). Let m(s) = -s + 13. Let y be m(7). Calculate the remainder when 16 is divided by u(y).
4
Let c = 78 - 72. Calculate the remainder when 28 is divided by c.
4
Let u(g) = -g**3 - 8*g**2 - 4*g - 3. Let j be u(-6). Let y = 126 + j. What is the remainder when y is divided by 19?
18
Suppose 0 = -r + 12 + 4. What is the remainder when r is divided by 5?
1
Let i = -11 - -15. Let g = 64 + -26. Calculate the remainder when g is divided by 79/i - (-1)/4.
18
Suppose 0*j + 3 = 3*j. What is the remainder when 21 is divided by -4 - (j + -2) - -11?
5
Let t = -21 + 23. What is the remainder when 2 is divided by t?
0
Calculate the remainder when (28/70)/(1/315) is divided by 32.
30
Calculate the remainder when (-138)/(-4)*(-4)/(-6) is divided by 8.
7
Suppose 0 = 7*n - 3*n + 5*l - 8, 4*n - 2*l - 36 = 0. Suppose -3*q = 3, -2 = 2*k - 5*q - 11. Calculate the remainder when n is divided by k.
1
Let q(x) = -2*x - 2. Let c be q(-3). Suppose c*m = 301 - 25. Suppose 3*u - 114 = m. Calculate the remainder when u is divided by 21.
19
Suppose 3*a = -0*a - 3*g + 18, 9 = 5*a - 2*g. Let m = 6 - a. Let x(d) = -d + 8. Calculate the remainder when x(0) is divided by m.
2
Calculate the remainder when 113 is divided by (-4)/((-12)/129) + -4.
35
Let r = -6 + 5. Let j = r - -4. Suppose 24 = y + j*y. What is the remainder when 11 is divided by y?
5
Suppose 0*l = -6*l + 252. Calculate the remainder when l is divided by 11.
9
Let u be -2 + 1 + (-4)/1. Let z(s) = -s - 3. Let h be z(u). Suppose h*k - 20 = 5*i, 0 = 3*k - 0*i - 5*i - 40. What is the remainder when k is divided by 11?
9
Suppose 3*u = 42 + 57. Calculate the remainder when u is divided by 26.
7
Suppose 0*g = g - 6. Suppose 4*b - g*b + 20 = 0. What is the remainder when 27 is divided by b?
7
Let j = -23 - -31. Calculate the remainder when 13 is divided by j.
5
Suppose -3*h + 10 = 2*h. Suppose 5*f = h*c + 54, 0*f + 4*f - c = 45. Suppose -3*d + 51 = -51. What is the remainder when d is divided by f?
10
Let a = -31 + 45. Suppose 0*d + 2*d = 52. Calculate the remainder when d is divided by a.
12
Suppose 4*t - 12 = t. Suppose -j + 62 = t*q + j, -12 = -q + 3*j. Suppose 2*u - 54 - 32 = 0. Calculate the remainder when u is divided by q.
13
Suppose 0 = -n - 4*n + 210. Calculate the remainder when n is divided by ((-36)/(-2))/(0 + 2).
6
Let n = 18 - 15. Suppose z + n*z - 72 = 0. Let w(a) = 53*a**3 + a**2 - 2*a + 1. What is the remainder when w(1) is divided by z?
17
Let d = 37 + 9. Let w(b) = -13*b**3 - 2*b**2 + 1. What is the remainder when d is divided by w(-1)?
10
Let n = -21 + 44. What is the remainder when 66 is divided by n?
20
What is the remainder when 123*(6/21 + 1/21) is divided by 14?
13
Let y be (-2)/(-8) - 43/(-4). Calculate the remainder when 64 is divided by (-4)/(1 + (-13)/y).
20
Suppose -4*s + 2 = -22. What is the remainder when 11 is divided by s?
5
Suppose -5*z + 24 + 6 = 0. Calculate the remainder when 15 is divided by z.
3
Suppose 81 = p + 2*p. Suppose c - 2*c + 3 = 0. Suppose -2*j = -6, -17 = -c*s + 4*j + 1. Calculate the remainder when p is divided by s.
7
Let r(f) = -18*f + 1 - 2 + 21*f - 1. Calculate the remainder when r(7) is divided by 10.
9
Let n = -34 + 48. Suppose -v = v - n. What is the remainder when 19 is divided by v?
5
Let b(w) = -w**3 - w + 22. Suppose 8 = 5*j - 32. Calculate the remainder when b(0) is divided by j.
6
Let a = 13 - -1. Let h = a - 4. Calculate the remainder when 19 is divided by h.
9
Suppose 0 = -2*g + 3*g - 18. Suppose 4*r - 147 = 5*m, -r = 4*m - g - 24. What is the remainder when r is divided by 10?
8
What is the remainder when 87 is divided by (-780)/(-35) + 1 + 18/(-14)?
21
Calculate the remainder when 4*1 - (-20 - 39) is divided by 16.
15
Let r(f) = -f**2 - 8*f + 16. What is the remainder when 77 is divided by r(-8)?
13
Let r(a) = 64*a - 1. Calculate the remainder when 248 is divided by r(1).
59
Suppose 3*s = -0*s + 6. Suppose 0 = s*x + 2 + 6. What is the remainder when 38 is divided by (-1)/2*5*x?
8
Let h = -20 + 37. Calculate the remainder when 48 is divided by h.
14
Suppose 3*j - 181 = -j - h, -4*h - 68 = -2*j. Calculate the remainder when 42 is divided by (1*3)/(6/j).
20
Suppose 5*j - 5*p = 58 + 32, -4*p = -3*j + 53. Let a be -1*(-2 - -3) + -8. Let c = 16 + a. What is the remainder when j is divided by c?
5
Let i be 4/(-22) - (-60)/(-33). Let n = 24 + i. Calculate the remainder when 64 is divided by n.
20
Suppose -3*q = 2*h - 28, 0*q + 44 = 4*q + 4*h. What is the remainder when 22 is divided by q?
4
Suppose 39 = 7*n - 59. What is the remainder when 23 is divided by n?
9
Suppose 2*c = 3*c - 7. Let a(x) = x + 5. Let i be a(4). Suppose 0 = -4*f + 11 + i, 29 = 3*w - 2*f. What is the remainder when w is divided by c?
6
Suppose 4*u - w = 314, 6*u = 2*u + 3*w + 310. Suppose 0*x = -2*x + 34. Suppose -x = 2*t - u. What is the remainder when t is divided by 11?
9
Suppose 18 = 9*i - 8*i. What is the remainder when 52 is divided by i?
16
Let l = 19 + -19. Suppose 0 = f + 2*f - 2*q - 2, l = 3*f + 5*q - 37. What is the remainder when f is divided by 2?
0
Let x(o) = o**3 - 8*o**2 + 6*o + 6. Let q be x(6). Let n = q - -51. What is the remainder when 82 is divided by n?
19
Let m be 6 + -2 + 1 + 57. Suppose 4*x + 27 = 3*f - x, 4*f + 2*x = m. What is the remainder when 55 is divided by f?
13
Let j(r) = -29*r**2 - 3. Let w(z) = 30*z**2 + 4. Let b(q) = 3*j(q) + 2*w(q). Let s be b(-1). Let y = s + 46. What is the remainder when y is di